alue of 19 - (-1 + 3) - 2 - (1259 - 1249)?
5
What is -43 - -37 - (5 - 13)?
2
What is the value of -2 - -6 - (14 - (8 - -5))?
3
Evaluate (-1 - (15 + -17)) + -1 + 3.
3
Evaluate -2 - -5 - (-3 - (21 + -1 + -15)).
11
Evaluate 6 - ((1 - 0 - 14) + 2).
17
What is -299 + 302 - (-1 + 1)?
3
What is the value of -8 + 0 + -8 + -1 - -5?
-12
Evaluate -20 - (-12 + 27 - 20).
-15
Calculate 10 + -2 + 7 + (-3 - 4).
8
What is the value of 17 - ((7 - 10) + 9)?
11
What is the value of 8 + 4 + 2 - (16 + -2)?
0
What is the value of -2 + 2 + (-6 + 9 - 1)?
2
(-13 - (-6 - -4)) + 4
-7
-21 + 14 - (-2 - 7)
2
What is the value of -2 - ((-8 - -17) + (-9 - -1)) - -21?
18
What is -1 + -2 + 3 + -6 - 4?
-10
What is the value of (56 - 55) + 10 + -3 - (0 + 3)?
5
What is -98 + 89 - (-1 - 6)?
-2
Calculate 7 + 7 + -15 - 3.
-4
What is the value of -11 + -44 + (15 - -1) + (-5 - -2)?
-42
(-41 - 1 - -43) + (0 + -2 - 2)
-3
(-2 - 0) + 12 - (-20 - (1 + -27))
4
What is the value of 40 - -2 - (-17 - (-37 + 5))?
27
What is (-7 - 18) + (5 - -5) - -11?
-4
What is the value of 179 + -175 - (-2 + (17 - 1))?
-10
Evaluate 3 + (34 - (2 - -13)) + -11.
11
-11 + (1 + 1 - -4) + (20 - 25)
-10
Evaluate 29 + -15 - -2 - 13.
3
What is the value of -17 + (9 - 1 - -6)?
-3
16 - 25 - (6 - 0)
-15
Evaluate 14 - (-11 - ((7 - 19) + 8)).
21
Evaluate (12 - (-5 + 19)) + 2 + 10.
10
51 - (-13 - (-50 + 20 + 3))
37
Evaluate 32 + (-52 - -17 - 7).
-10
Calculate (30 - (-1 + 2)) + (152 - 164).
17
Evaluate 10 - 1 - (-19 + -4 + 34).
-2
-4 + 8 + -16 - -4 - (-26 + 24)
-6
Calculate 8 - (4 + 9 - 11).
6
What is 0 + 0 - (-5 + 8 + 5 - 16)?
8
Calculate (-14 - -8) + (0 - (-10 - -15)).
-11
What is the value of -1 - 20 - (-199 + 200)?
-22
Calculate 34 + -42 - 24 - -45.
13
What is (19 - -6) + -12 - 33?
-20
What is the value of 0 - ((-5 - -3) + -12 + (2 - -9))?
3
What is the value of 2 + (6 - (3 + -2)) + -15?
-8
Calculate (0 + -9 - -1) + (-142 - -134).
-16
What is (2 - 0) + 0 - -3 - 0?
5
What is -8 - (9 + -1 + -40 + 16 + 5)?
3
16 - (-2 + 25 - 19)
12
Calculate (-17 - (-12 + 9)) + 2 + (7 - 0).
-5
Calculate -24 + 1 - (8 + (-6 - 12)).
-13
Calculate (2 - -4) + -5 + -1 + 0 - 6.
-6
Evaluate 2 + -9 - (12 + 21 + -27).
-13
Calculate (-2 + 1 - -2) + -12 + 6.
-5
What is 1 + (2 - (18 + -2) - (-14 - -3))?
-2
Calculate (-24 - (6 - 4)) + -145 + 149.
-22
What is (-9 + 8 - -5) + 23?
27
Calculate 5 - (3 + (0 - (-3 - -13 - -4))).
16
What is the value of -13 - -1 - (2 - (5 + -10))?
-19
What is 23 - 39 - ((8 - -1) + -24)?
-1
What is the value of 4 - (-13 + 6) - -1 - (-1 - 3)?
16
What is 16 - (-6 - (-6 + (-6 - (-13 - -5))))?
18
What is (38 - 48) + 8 - ((-2 - -4) + -39)?
35
Evaluate 4 - (16 + -23 - (-1 - 7)).
3
What is 0 + -16 + 7 - -1 - -2?
-6
0 + -2 + 0 - (14 + -5)
-11
Calculate -1 + (-1 - 5) - (-6 + 8 - -2).
-11
What is the value of 17 + (0 - -1) + -21 + 8?
5
Evaluate 21 + (52 - 26 - 48).
-1
What is the value of (0 - -6) + -2 + -41 + 35?
-2
Calculate 40 - 24 - (-7 + 4 + 9).
10
Evaluate -1 - ((-6 - -19) + 4).
-18
Calculate -2 + (12 - (17 + 27)) + 6.
-28
What is -3 - (-4 + -5 - -5 - -13)?
-12
(18 - (9 + 6)) + 19 + 0
22
What is the value of 2 + 22 + -20 + -9?
-5
10 - (-10 + 1 - (21 + -29) - 8)
19
Evaluate -6 + -5 - ((16 - 0) + -11).
-16
Calculate -14 - (-17 - 8 - -19).
-8
Calculate 19 + (-1 - -10 - (27 - 19)) + -9.
11
What is (31 - -1) + -198 + 181?
15
What is the value of 6 + ((-8 - -7) + 5 - 5) - 2?
3
-76 - -55 - (-5 - 0 - 1)
-15
What is 51 - (-17 - -53) - 42?
-27
Calculate (-1 - (0 + -1)) + 1 - 2 - 6.
-7
What is 14 + -56 + 46 + 1 + -8?
-3
Evaluate -5 + 19 + 0 - (7 - -2).
5
Evaluate (-9 - (-20 - 7)) + -4.
14
Evaluate 1 - -16 - (128 + -134 - (0 + 1)).
24
Evaluate -6 + (-17 - (-13 + -12)).
2
(-49 - -22) + 5 + -8 + 11
-19
Evaluate 4 + (-16 - -14 - -4).
6
Evaluate -17 + (-1 - (14 - (13 + 13))).
-6
What is 31 + -82 + 85 + (-2 - 12)?
20
(311 - 293) + -1 + -14 - (1 - -5)
-3
What is the value of -9 + (10 + -1 - (-13 - -15))?
-2
25 + 3 + 47 + -19 + -30
26
Calculate -32 + 7 + -13 + 12 + -8 + 7.
-27
What is the value of 15 - (21 + -42 + 51)?
-15
What is the value of 11 + (22 - ((-2 - -6) + -3)) + -5?
27
Evaluate 1 + (-5 - 1) + (2 - -7) + 5.
9
Calculate 1 + -3 - (5 - (-3 + (-1 - -5))).
-6
Evaluate -14 - (-11 - (63 + -63 - (3 - -1))).
-7
What is the value of 34 + -25 - (1 + 4 - 3)?
7
What is the value of 8 - (66 + -57) - (1 + 1 + 4)?
-7
Calculate (-15 - -7) + 16 - (1 - 0).
7
Calculate -2 + (0 - 14) + 27 + 11.
22
Calculate 13 - (11 + 21 + -25).
6
What is 8 + -5 - ((11 - -6) + -7)?
-7
Evaluate 21 - 0 - (-25 + 37).
9
Calculate 33 + (3 - -9) + -48.
-3
What is -58 + 18 + 26 + (3 - -2 - -1)?
-8
-7 - (-134 + 109 + (8 - 0))
10
-28 + 5 + 7 - -6
-10
-17 + 0 + -11 + 12
-16
Evaluate (4 + -7 - -2) + 4.
3
Evaluate -6 + -5 + -10 + 6 + 7.
-8
-53 + (33 - 11) + 17
-14
Evaluate 8 + -30 + 1 + 14.
-7
Calculate (6 - (17 - 4) - -3) + -2 - -11.
5
24 - (-68 + 34 + 37)
21
Calculate 19 + (6 - 25) + 1.
1
Calculate -5 + (9 + -6 - 7 - (1 + -7)).
-3
Evaluate -12 + -32 + 4 - (-15 + (-1 - -5)).
-29
Evaluate -144 + 147 + (5 - 3) + 0.
5
Calculate (27 + -18 - 21) + 2 + 10.
0
What is 28 + 0 + 2 - (-68 + (-40 - -103))?
35
What is the value of -76 - (39 - (78 - -3))?
-34
(34 + -43 - (2 - 18)) + -16 + 12
3
Evaluate (3 - -26) + -11 + -2.
16
Calculate -21 + 2 + -19 + (-16 - -33).
-21
-94 + 85 + (2 - -7)
0
What is -5 - (-2 + -8) - (30 + -14)?
-11
What is 8 + (-39 - (-15 - (-2 + -16)))?
-34
Evaluate 26 + 1 - (64 - (82 - 19)).
26
Calculate 3 + (9 - (14 + -5)) - -10.
13
Calculate 8 + 14 - (3 + 27).
-8
What is the value of (-6 - -23) + (-5 - (0 + 1))?
11
Calculate 2 + (10 - (14 + -9)) + -13.
-6
Evaluate -17 - (-26 + 30) - -46.
25
Evaluate 5 + (-12 - (-7 - 0)).
0
What is -14 + (-19 + -4 - -28)?
-9
What is the value of 9 - -4 - ((-6 - -23) + -3)?
-1
16 + -11 + -18 + 17
4
Calculate 183 - 200 - (-44 - 1).
28
Calculate -7 + 2 + -8 + 23.
10
What is (6 - (-1 - (-6 + 5))) + -23 + -1?
-18
What is the value of -10 - (12 + -13 - 9) - 13?
-13
What is the value of 9 + -8 - (1 + 13 + (2 - 0))?
-15
Calculate -6 - (12 + (0 - 10) + 5 + -4).
-9
(-16 + -1 - (144 - 142)) + (11 - 4)
-12
What is 8 + -1 + (9 - (3 - (11 + -17)))?
7
Evaluate 5 - (5 + (18 - (1 + 1)) + -5).
-11
Calculate 17 - (-4 + (6 - -1) - -2).
12
What is the value of -6 + 7 - (-18 + 7) - (0 - -4)?
8
What is the value of -3961 + 3979 - (10 - (0 - 1))?
7
(-10 - (-8 - -3)) + 18
13
Calculate -15 + 5 - 2 - (-6 + 8).
-14
What is the value of -13 + (11 - (-6 + 12))?
-8
-10 - (-10 + 46 + -66)
20
12 - (4 - -12) - 15
-19
-55 - (-17 - (21 - 9))
-26
What is the value of -5 - (5 - (-3 + 7 - 0))?
-6
Evaluate (-2 + -1 - (-60 - -67)) + 11.
1
Evaluate (-1 + -14 - -1) + 2783 + -2779.
-10
Evaluate -4 + (-2 - 1 - -3) + -11.
-15
What is -5 + (-4 + 6 - -15 - (8 - 9))?
13
What is (-2 + 0 - -5) + (-20 - (-7 + -12))?
2
4 - (-11 + 16 - (13 - 5))
7
Evaluate (-12 - (-8 - -4)) + 5 + 1 + -11.
-13
Evaluate (5 - 0) + -314 + 307 + (-1 - -7).
4
9 + (4 - 10) + -11 + 12
4
What is (0 - 0) + (-27 - (-5 - 2)) - -3?
-17
Evaluate 5 - (-4 + 2 + -1 + 9).
-1
Evaluate 12 - (-5 + (21 + -24 - (1 + -9))).
12
-17 + (16 - (-3 - (2 + -11)))
-7
-2 - 2 - (2 + (30 - -14 - 22))
-28
(11 - (-13 - -1)) + -15
8
Calculate (-25 - -7) + 0 - -22.
4
Evaluate -9 - (-2 - (19 - 22)).
-10
Calculate 10 + 7 + (4 - (0 + 10 + -3)).
14
(-12 - (-20 - -6)) + (-1 - (2 - -2))
-3
What is -6 + 19 + 13 - 29?
-3
What is the value of -6 + (-10 - (-3 - -4) - -9)?
-8
Evaluate (-18 - -36) + -39 + 14.
-7
Evaluate -8 + -8 + (8 - -6) + (-1 - 1).
-4
What is the value of -8 + (6 - -13) - (6 - 2)?
7
What is the value of -15 - (-5 - (3 + (13 - 15)))?
-9
Calculate 354 - 375 - (-16 + 0).
-5
What is the value of 4 + 1 - (5 + -31 - (0 - 5))?
26
201 + -196 + (-1 - 0 - 0) - -25
29
What is -4 + 1 - (11 + (-21 - 4))?
11
What is 6 + -13 + 11 + (0 - -1) + -7?
-2
-16 + (-28 - -10 - -40)
6
What is -2 - -8 - (10 - ((-6 - -9) + 0))?
-1
-26 + 24 + (7 - 9) - -23
19
What is the value of (29 - (1 - -37)) + -1 + 7 + 1?
-2
What is (19 - -5 - 14) + -6 + 2 + 24?
30
(20 - (3 - -8)) + (-11 - -4)
2
7 + -1 + 1 - (-2 + -7 + 11)
5
Evaluate -2 + -4 + (6 - -11) - (4 + 1).
6
What is the value of (-2 - 12) + 50 + -27?
9
Calculate 5 + (19 - (-32 + 58)) + -1 + 1.
-2
What is (-37 - (-14 + -39)) + -21?
-5
What is the value of -14 - (-8 + -2) - (0 + 2 + -2)?
-4
What is 34 + -33 + -9 - (-1 + -5)?
-2
Ca